False
Is 68771 prime?
True
Is 106627 a prime number?
True
Is 14681 composite?
True
Is 20261 a prime number?
True
Is 1219 prime?
False
Is 613549 prime?
True
Is 24071 prime?
True
Is 5261 a prime number?
True
Is 993713 a prime number?
False
Is 150239 prime?
True
Is 946997 composite?
False
Is 5147 a composite number?
False
Is 6863 a composite number?
False
Is 1051543 composite?
False
Is 1030057 a composite number?
True
Is 606845 composite?
True
Is 37643 composite?
False
Is 201257 composite?
True
Is 8263 prime?
True
Is 30739 a prime number?
False
Is 266221 prime?
True
Is 4721 prime?
True
Is 79685 a composite number?
True
Is 360926 a composite number?
True
Is 62347 a composite number?
False
Is 141761 a composite number?
False
Is 409 composite?
False
Is 6073 a prime number?
True
Is 82427 a prime number?
False
Is 18019 a prime number?
False
Is 4561 a composite number?
False
Is 34229 a composite number?
True
Is 2459273 composite?
False
Is 571057 prime?
False
Is 9743 a composite number?
False
Is 2691669 prime?
False
Is 2333 a composite number?
False
Is 158811 a prime number?
False
Is 202619 prime?
False
Is 1051411 a composite number?
True
Is 141923 prime?
False
Is 22937 a prime number?
True
Is 4749 prime?
False
Is 14239 a composite number?
True
Is 721717 composite?
True
Is 3596335 a composite number?
True
Is 53891 a prime number?
True
Is 26227 a prime number?
True
Is 290183 prime?
True
Is 62171 a prime number?
True
Is 1193761 a composite number?
False
Is 473251 prime?
False
Is 15991 prime?
True
Is 695441 a composite number?
False
Is 5003 prime?
True
Is 1097401 prime?
False
Is 182747 composite?
False
Is 381398 a composite number?
True
Is 990043 a prime number?
True
Is 110377 a prime number?
False
Is 396833 a prime number?
True
Is 14923 prime?
True
Is 16603 a composite number?
False
Is 474619 prime?
True
Is 6247 composite?
False
Is 70243 a composite number?
True
Is 10781 a prime number?
True
Is 18797 prime?
True
Is 3628945 prime?
False
Is 116357 prime?
False
Is 4344755 prime?
False
Is 67289 prime?
True
Is 4374173 a prime number?
True
Is 182783 composite?
True
Is 231799 a prime number?
True
Is 2387347 prime?
True
Is 235159 prime?
True
Is 64399 composite?
False
Is 5348909 prime?
True
Is 34907 prime?
False
Is 9109 a prime number?
True
Is 18089 a composite number?
False
Is 1531447 a composite number?
False
Is 12889 composite?
False
Is 1074251 a prime number?
True
Is 313289 a composite number?
False
Is 50309 a prime number?
False
Is 4177 a composite number?
False
Is 41351 prime?
True
Is 2101 prime?
False
Is 989 a composite number?
True
Is 377911 a composite number?
False
Is 91009 a composite number?
False
Is 37039 composite?
False
Is 20329 a composite number?
True
Is 19841 a prime number?
True
Is 180053 composite?
False
Is 7451 a composite number?
False
Is 28769 a composite number?
True
Is 8501 a prime number?
True
Is 28277 a composite number?
False
Is 16039 composite?
True
Is 1019503 a composite number?
False
Is 35047 a prime number?
False
Is 24281 a prime number?
True
Is 32483 prime?
False
Is 3723211 a prime number?
True
Is 499 a composite number?
False
Is 8849 a prime number?
True
Is 162523 a prime number?
True
Is 211007 prime?
True
Is 78101 a prime number?
True
Is 260293 a composite number?
True
Is 8143 a prime number?
False
Is 28415 a composite number?
True
Is 10709 composite?
False
Is 362669 composite?
True
Is 47339 composite?
False
Is 920197 composite?
False
Is 4583 composite?
False
Is 6739 a prime number?
False
Is 821 a composite number?
False
Is 2503 a composite number?
False
Is 6623 a prime number?
False
Is 6043 composite?
False
Is 4771 composite?
True
Is 3761 composite?
False
Is 678317 a prime number?
False
Is 940691 composite?
False
Is 10651 prime?
True
Is 5381 composite?
False
Is 4207 prime?
False
Is 272321 a prime number?
False
Is 45233 a prime number?
True
Is 7343 a composite number?
True
Is 129553 a prime number?
True
Is 1537 prime?
False
Is 426301 prime?
True
Is 9859 prime?
True
Is 1657 prime?
True
Is 12421 a composite number?
False
Is 65489 a composite number?
True
Is 6373 a prime number?
True
Is 816535 a prime number?
False
Is 175139 composite?
True
Is 8705 prime?
False
Is 2270917 a prime number?
False
Is 8903 composite?
True
Is 43427 a composite number?
False
Is 21313 prime?
True
Is 35149 a composite number?
False
Is 7903 composite?
True
Is 9901 a composite number?
False
Is 133571 composite?
False
Is 6311 prime?
True
Is 60209 prime?
True
Is 4619 a composite number?
True
Is 51109 a prime number?
True
Is 20287 composite?
False
Is 847391 a composite number?
True
Is 11267 composite?
True
Is 23917 a prime number?
True
Is 14843 a prime number?
True
Is 135251 a prime number?
False
Is 517382 prime?
False
Is 37483 a prime number?
True
Is 15503 a composite number?
True
Is 715961 composite?
False
Is 9742 prime?
False
Is 335999 a composite number?
False
Is 1900771 prime?
False
Is 24233 a prime number?
False
Is 485081 composite?
False
Is 419231 composite?
False
Is 1151 a prime number?
True
Is 2657 a prime number?
True
Is 45761 composite?
True
Is 6619 a prime number?
True
Is 26661 composite?
True
Is 20389 composite?
False
Is 12459 a composite number?
True
Is 77509 a prime number?
True
Is 355123 a prime number?
False
Is 27059 composite?
False
Is 73007 a composite number?
True
Is 59159 a composite number?
False
Is 132817 a composite number?
False
Is 119191 a prime number?
True
Is 98207 composite?
False
Is 46711 a composite number?
True
Is 1257 prime?
False
Is 57403 a prime number?
False
Is 174221 composite?
False
Is 81637 a prime number?
True
Is 722563 a prime number?
True
Is 453889 a prime number?
True
Is 2358381 composite?
True
Is 9883 a prime number?
True
Is 58105 composite?
True
Is 68687 prime?
True
Is 4985597 a prime number?
True
Is 591259 a prime number?
True
Is 195967 a composite number?
False
Is 2473 composite?
False
Is 69899 composite?
False
Is 48999 prime?
False
Is 68545 a composite number?
True
Is 145273 composite?
True
Is 24853 composite?
True
Is 5257 a composite number?
True
Is 57329 a prime number?
True
Is 6037 prime?
True
Is 191897 a composite number?
True
Is 571 a composite number?
False
Is 230423 a prime number?
False
Is 4726747 a composite number?
False
Is 2799161 prime?
False
Is 43801 prime?
True
Is 14699 prime?
True
Is 1383 composite?
True
Is 12047 a prime number?
False
Is 5779043 prime?
True
Is 1031705 a prime number?
False
Is 64781 a prime number?
True
Is 120749 prime?
True
Is 15877 prime?
True
Is 41443 a composite number?
False
Is 47029 prime?
False
Is 18947 a composite number?
False
Is 38323 a prime number?
False
Is 4022549 prime?
True
Is 2323 a prime number?
False
Is 6539 composite?
True
Is 4841 prime?
False
Is 17807 a composite number?
False
Is 853 a prime number?
True
Is 2442381 composite?
True
Is 202229 prime?
False
Is 4369 composite?
True
Is 9979 prime?
False
Is 7417 composite?
False
Is 42037 composite?
True
Is 12979 a prime number?
True
Is 55679 a prime number?
False
Is 1638251 a prime number?
True
Is 2477 composite?
False
Is 243734 prime?
False
Is 877 prime?
True
Is 2650309 prime?
False
Is 91393 a composite number?
False
Is 286607 prime?
False
Is 4049 prime?
True
Is 173917 composite?
False
Is 93479 a composite number?
False
Is 105817 composite?
False
Is 780154 composite?
True
Is 3196283 a prime number?
True
Is 16358 a prime number?
False
Is 165027 a composite number?
True
Is 81721 a composite number?
True
Is 679 a prime number?
False
Is 77879 a prime number?
False
Is 9451 a prime number?
False
Is 614573 a prime number?
False
Is 2133995 composite?
True
Is 2333 a composite number?
False
Is 203173 a prime number?
True
Is 5793 composite?
True
Is 84073 composite?
True
Is 119321 composite?
False
Is 96323 a prime number?
True
Is 45707 composite?
False
Is 8051 a prime number?
False
Is 2741 prime?
True
Is 5541 composite?
True
Is 1685 a composite number?
True
Is 140167 composite?
False
Is 79351 a prime number?
False
Is 29501 prime?
True
Is 6595 a prime number?
False
Is 719597 prime?
True
Is 52249 composite?
False
Is 30802 prime?
False
Is 1115 prime?
False
Is 467 composite?
False
Is 760043 a prime number?
True
Is 2923 composite?
True
Is 21727 a prime number?
True
Is 1469135 composite?
True
Is 1412219 prime?
True
Is 660037 a composi